the hundreds digit of v?
0
Suppose -5*r = 2*x - 33970, -44*x + 25 = -49*x. What is the hundreds digit of r?
7
Suppose -4*g + 22 = 6*t - 3*t, -2*g + 5*t = -24. Suppose 7*p = 5*p - g*p. Suppose p = x - 1, 4*x - 710 = -3*h + 2*x. What is the tens digit of h?
3
Suppose -4*i + 4 = 0, 5*i = 3*c - 4*c + 881. Suppose 4*g - c = -4*k, g + 3*k + 443 = 3*g. What is the tens digit of g?
2
Suppose -6805 = -11*p + 2149. Let m = p + -80. What is the hundreds digit of m?
7
Let l be ((-3)/8 - 1315/(-8)) + 3. Suppose -d = 3*d - k + 329, 3*k - l = 2*d. Let x = d - -295. What is the tens digit of x?
1
Suppose -11*t + 14*q - 15*q = -355, q = -3*t + 99. Let a = 0 - -2. What is the tens digit of a/(16/6)*t?
2
Let s be -1 + -2 + 1 + 77/11. Suppose 3*i = 15, -s*d - 4*i + 740 = -0*d. What is the units digit of d?
4
What is the units digit of ((-9)/(-12))/(((-1)/(-8144))/(81/36))?
3
Suppose h + 12 = 6*h + y, -5*y = 15. Suppose -4*j + 2726 = 5*v, 21*j = 26*j - h*v - 3389. What is the tens digit of j?
7
Let h be 1207/(-221) - (-24)/52. Let m(y) = -6*y**3 - y**2 - 12*y - 22. What is the hundreds digit of m(h)?
7
Let p(o) = -4*o**2 - 20*o - 21. Let c(d) = -2*d**2 - 10*d - 10. Let t(f) = 5*c(f) - 3*p(f). Let r be t(-2). What is the units digit of 351*((-5)/15 + r)?
4
Let w(n) = n**2 + n - 11. Let p be 2 - ((-36)/6 + 0). What is the tens digit of w(p)?
6
Let q = 587 - 523. Let d = q + 545. What is the tens digit of d?
0
Let d(u) = u**3 + 4*u**2 + 4*u + 2. Let w be d(-3). Let z be (-10 - (-2 - 2))*4/3. What is the hundreds digit of (415 - z)*(w - (-8)/6)?
1
Let s(o) = o**3 + 17*o**2 - 38*o + 20. Let g be s(-19). Suppose -29*z = -g*z - 4023. What is the units digit of z?
7
Let b be 18148/56 - (-3)/(-42). What is the units digit of b/8 + 6/(1 + 11)?
1
Let i = -149 - -5505. What is the tens digit of i?
5
Suppose -y + u = -356, y + 3*y = -4*u + 1424. Suppose -y = 2*b - 4*b. What is the units digit of b?
8
Suppose -186*j + 185*j + 3*t = -9973, 5*j = -5*t + 49885. What is the hundreds digit of j?
9
Let x be (-36)/234 + 1146/13. Suppose 52*y - x = 56*y. Let p(k) = -9*k - 58. What is the hundreds digit of p(y)?
1
Suppose 2*m = q - 2*q + 11, -4*q = m - 16. Suppose 0 = -q*s + s + 6. Suppose -x - 2*k + 1 = 0, 0 = -s*x + 5*k - 3*k + 35. What is the units digit of x?
9
Suppose -3*x + 2*u + 18169 = 0, 5*x - 114*u = -109*u + 30280. What is the units digit of x?
7
Suppose 5 - 5 = -20*o. Suppose o = 44*l - 53*l + 6273. What is the tens digit of l?
9
Suppose 2*u - 3*r + 794 = 171, 3*u = 3*r - 933. Suppose -6*a - 489 = -3*a. Let h = a - u. What is the hundreds digit of h?
1
What is the tens digit of (9936/32)/9*232?
0
Let f(c) = -c**3 - 68*c**2 + 151*c + 122. What is the hundreds digit of f(-74)?
8
Let z(w) = 167*w**2 + 41*w + 298. What is the hundreds digit of z(-7)?
1
Suppose -5*g = -5*u - 540, 4*u + 441 = g + 12. Let c be 14/(-14) + (u - 0). What is the tens digit of (-3)/((-106)/c - 1)?
6
Let m be (-16)/24*6948/8. Let b = 1424 + m. What is the units digit of b?
5
Suppose -9*v = -6*v - 12. Suppose 3*b - 2*g - 8 = 0, -8 = -4*b + 5*g - 2. Suppose 213 = b*y - c + v*c, -3*y - 4*c + 165 = 0. What is the units digit of y?
1
Suppose 10*p + p - 44 = 0. Let s(j) = -j**3 + 4*j**2 + 6*j - 21. Let a be s(p). What is the units digit of -4*134/(1 - a)?
8
Let x = 32546 + -17894. What is the units digit of x?
2
Let i(l) = 2*l**3 + 8*l**2 + 114*l - 44. What is the tens digit of i(19)?
2
Suppose -5*s + 93 + 679 = 2*c, 3*c = 3. Let o = 262 - s. What is the hundreds digit of 3*(0 - 1) + o?
1
Let k = -49 - -29. Let t = k + 65. What is the tens digit of (27/t)/(2/70)?
2
Let g(m) = 12*m**2 + 3*m + 4. Suppose 5*x - 38 - 7 = 0. Suppose -x*s + 10*s = -2. What is the units digit of g(s)?
6
Let n(u) = -u + 10. Let h(j) = j**2 - j + 3. Let t be h(3). Suppose -t*a = -20 - 52. What is the units digit of n(a)?
2
Let d = -372 + 277. What is the hundreds digit of -2 + d/20*-18*8?
6
Suppose 154*q = 134*q. Let i(n) be the second derivative of 5*n**3/6 + 18*n**2 + n. What is the units digit of i(q)?
6
Suppose -15*f + 28280 = -10*f + 5*r, -2*f - 4*r = -11320. Suppose -393*y = -399*y + f. What is the tens digit of y?
4
Suppose -3*c + 21 = -3*g, -7*g + 5*g - 6 = -4*c. Let u(j) = 4*j**2 + 29*j - 19. What is the hundreds digit of u(g)?
1
Let a(i) = i**2 + 4*i + 6. Let v be a(-3). Suppose 0 = 5*u + 5*k - 8*k - 1124, u + v*k = 214. What is the tens digit of u?
2
Let s = 584 + -70. Let h = 1507 + s. What is the units digit of h?
1
Suppose 5*x = a - 2286, x = -18*a + 23*a - 11358. What is the units digit of a?
1
Let d(t) = -t**3 - 10*t**2 + 12*t + 13. Let s be d(-11). Suppose 84 + 298 = s*w. Suppose -4*l + 45 = -w. What is the tens digit of l?
5
Let k(c) = 38*c + 1679. What is the units digit of k(78)?
3
Suppose -2*q - 568 = 2*q - 2*s, 0 = -4*q + s - 570. Suppose 2*g = -3*l - 271, l + 86 = 5*g - 10*g. Let h = l - q. What is the tens digit of h?
5
Let d = 1898 - 1130. Suppose 0 = -126*h + 130*h + d. Let t = 302 + h. What is the tens digit of t?
1
Let y = -29054 - -42257. What is the tens digit of y?
0
Suppose -3*z + 19 = 4. Suppose z*t = -212 + 6337. What is the thousands digit of t?
1
Suppose 0 = 9*j + 55 + 125. Let z = -18 - j. Suppose -3*k = -z*p - 0*p - 158, -5*k + 3*p = -265. What is the units digit of k?
6
Suppose f = -4*f + 4*u + 27840, 0 = -4*f - 5*u + 22272. Suppose 12*b - f + 1416 = 0. What is the hundreds digit of b?
3
Let p(y) = 30*y**2 + 50*y + 575. What is the tens digit of p(-13)?
9
Suppose -308395 - 1394480 = -75*r. What is the tens digit of r?
0
Let r be 7 - (-10 + 3 - -4). Suppose -3*d - 14*o = -r*o - 1846, -5*d + 3046 = -o. What is the tens digit of d?
1
What is the units digit of 9/((-9)/2) + 57 + 3875?
0
Let z(n) = 7*n**2 + 35*n - 301. What is the hundreds digit of z(37)?
5
Suppose -22*a = -16334 + 4278. What is the hundreds digit of a?
5
Suppose 44*x = -33*x + 48523 + 42260. What is the units digit of x?
9
Let w(t) = -t**2 - 4*t - 3. Let u be w(-1). Suppose -3*m = 4*f - 662 + 229, -f + m + 110 = u. What is the tens digit of f?
0
Suppose -85*r - 1315140 = -545*r. What is the hundreds digit of r?
8
Let g be -892*1*(-2 - -1). Suppose -1212 = -894*r + g*r. What is the units digit of r?
6
Let k(z) be the second derivative of -83*z**3/6 + 105*z**2/2 - 51*z. What is the hundreds digit of k(-4)?
4
Suppose 8829 = -87*p + 96*p. Let c = p + -416. What is the units digit of c?
5
Suppose 14*s + 119 = 7*s. Let y(f) = -13 - 9 + 14*f + f**2 + 6. What is the tens digit of y(s)?
3
Let r(y) = y**3 + 18*y**2 - 6*y + 20. Let a = -33 - 70. Let k = a - -85. What is the tens digit of r(k)?
2
Let i(j) = 159*j**2 - 13*j - 17. Let k be 14/49*(-6 - 2 - -1). What is the tens digit of i(k)?
4
Let w be 40/6*(1 - (-5)/25). Suppose -2*a = 2*a - w. Suppose 13 = a*m + 5. What is the units digit of m?
4
Let y = 5535 - 2737. Suppose 4*g = y - 350. Suppose g + 148 = 8*f. What is the units digit of f?
5
Suppose -2*r = -2*p + 6 - 0, 5*p = 3*r + 15. Suppose -p*i - 2*g = -309, 0 = 3*i + 2*i - 3*g - 534. Let s = -73 + i. What is the units digit of s?
2
Suppose -48*g + 27 = -45*g. Let s(x) = -420*x - 34 - g + 434*x. What is the units digit of s(9)?
3
Let k(l) = -37*l**3 - 2*l - 242*l**2 - 1 + 131*l**2 + 109*l**2. Suppose -3*x - 5*t - 1 = -18, 3*x + 15 = 3*t. What is the units digit of k(x)?
6
Let r = 6046 + 21057. What is the tens digit of r?
0
Let c(z) = z**2 + 15*z - 4. Let m be c(-16). Let f be (-1242)/(-8) - 3/m. Suppose 43 - f = -2*h. What is the units digit of h?
6
Let r(c) = -41 + 84*c**3 - 170*c**3 - 9*c + c**2 - 3*c**2 + 84*c**3. What is the units digit of r(-6)?
3
Let g = -12935 - -21160. What is the hundreds digit of g?
2
Suppose 2*a = -0*a + 3530. Suppose 0*u - a = -3*u - 4*t, 2*u = -5*t + 1186. What is the hundreds digit of u?
5
Suppose 107 = 4*r - 33. Suppose -r*k - 2076 = -41*k. What is the hundreds digit of k?
3
Let p(z) = 2*z**2 - 12*z - 11. Let n(b) = b**2 - 12*b - 10. Let a(w) = 3*n(w) - 2*p(w). Let k be a(-11). Suppose -288 = -3*q - k*q. What is the tens digit of q?
4
Let m(o) = o**2 + 58*o + 214. What is the units digit of m(42)?
4
Suppose 402 = 2*r + 200. Suppose 3*l - 683 = -r. What is the tens digit of l?
9
Suppose 0 = i + 5*c + 10, -3*i - 2 = 4*c - 3*c. Suppose 4*a = i, -3*l + 5*l - 62 = 5*a. What is the tens digit of l?
3
Suppose 